{"id":3,"date":"2023-07-10T08:38:28","date_gmt":"2023-07-10T06:38:28","guid":{"rendered":"http:\/\/berenice-harivel.fr\/?page_id=3"},"modified":"2023-10-10T14:14:09","modified_gmt":"2023-10-10T12:14:09","slug":"politique-de-confidentialite","status":"publish","type":"page","link":"https:\/\/berenice-harivel.fr\/index.php\/politique-de-confidentialite\/","title":{"rendered":"Politique de confidentialit\u00e9"},"content":{"rendered":"\t\t<div data-elementor-type=\"wp-page\" data-elementor-id=\"3\" class=\"elementor elementor-3\">\n\t\t\t\t\t\t<section class=\"elementor-section elementor-top-section elementor-element elementor-element-2069a28d elementor-section-stretched elementor-section-boxed elementor-section-height-default elementor-section-height-default\" data-id=\"2069a28d\" data-element_type=\"section\" data-e-type=\"section\" data-settings=\"{&quot;stretch_section&quot;:&quot;section-stretched&quot;}\">\n\t\t\t\t\t\t<div class=\"elementor-container elementor-column-gap-default\">\n\t\t\t\t\t<div class=\"elementor-column elementor-col-100 elementor-top-column elementor-element elementor-element-2bf61aea\" data-id=\"2bf61aea\" data-element_type=\"column\" data-e-type=\"column\" data-settings=\"{&quot;buzzblog_hidepaged&quot;:&quot;false&quot;}\">\n\t\t\t<div class=\"elementor-widget-wrap elementor-element-populated\">\n\t\t\t\t\t\t<div class=\"elementor-element elementor-element-b09bdd6 elementor-widget elementor-widget-heading\" data-id=\"b09bdd6\" data-element_type=\"widget\" data-e-type=\"widget\" data-settings=\"{&quot;buzzblog_hidepaged&quot;:&quot;false&quot;}\" data-widget_type=\"heading.default\">\n\t\t\t\t<div class=\"elementor-widget-container\">\n\t\t\t\t\t<h2 class=\"elementor-heading-title elementor-size-default\">Politique de confidentialit\u00e9, B\u00e9r\u00e9nice Harivel\n<\/h2>\t\t\t\t<\/div>\n\t\t\t\t<\/div>\n\t\t\t\t<div class=\"elementor-element elementor-element-148c7d27 elementor-widget elementor-widget-text-editor\" data-id=\"148c7d27\" data-element_type=\"widget\" data-e-type=\"widget\" data-settings=\"{&quot;buzzblog_hidepaged&quot;:&quot;false&quot;}\" data-widget_type=\"text-editor.default\">\n\t\t\t\t<div class=\"elementor-widget-container\">\n\t\t\t\t\t\t\t\t\t\n<div data-id=\"447eb21\" data-element_type=\"widget\" data-settings=\"{&quot;buzzblog_ext_is_smoove&quot;:&quot;false&quot;}\" data-widget_type=\"buzzblog-fancy_heading.default\">\n<div>\n<div>\n<div>\n<div><strong>Informatique et Libert\u00e9s et Collecte des donn\u00e9es personnelles \u2013 RGPD<br \/><br \/><\/strong><\/div>\n<div>Par \u00ab Donn\u00e9es Personnelles \u00bb, il faut entendre toute information qui permet d\u2019identifier une personne. Il s\u2019agira le plus souvent d\u2019un nom, d\u2019une adresse, d\u2019un num\u00e9ro de t\u00e9l\u00e9phone ou d\u2019une adresse \u00e9lectronique.<\/div>\n<\/div>\n<\/div>\n<\/div>\n<\/div>\n<div data-id=\"3a12e178\" data-element_type=\"widget\" data-settings=\"{&quot;buzzblog_ext_is_smoove&quot;:&quot;false&quot;}\" data-widget_type=\"text-editor.default\">\n<p>Vous disposez d\u2019un droit d\u2019acc\u00e8s, de modification, de rectification et de suppression des donn\u00e9es qui vous concernent (art.39 et 40 de la loi \u00ab\u00a0Informatique et Libert\u00e9s\u00a0\u00bb du 16 janvier 1978 modifi\u00e9e par la loi du 6 ao\u00fbt 2004).<\/p>\n<p>Pour toute information ou exercice de vos droits Informatique et Libert\u00e9s sur les traitements de donn\u00e9es personnelles \u2013 RGPD \u2013 g\u00e9r\u00e9s par\u00a0B\u00e9r\u00e9nice Harivel, vous pouvez contacter le d\u00e9l\u00e9gu\u00e9 \u00e0 la protection des donn\u00e9es \u2013 DPO :<\/p>\n<ul>\n<li>par courrier sign\u00e9 accompagn\u00e9 de la copie d\u2019un titre d\u2019identit\u00e9 \u00e0 l\u2019adresse suivante :<\/li>\n<\/ul>\n<p style=\"text-align: center;\"><strong>B\u00e9r\u00e9nice Harivel<\/strong><br \/>71 hameau Carr\u00e9, 50840 Fermanville<br \/><br \/><\/p>\n<p>Nos serveurs ne sont pas configur\u00e9s pour collecter des informations personnelles sur les visiteurs du site en dehors des donn\u00e9es techniques suivantes : provenance des connexions (fournisseur d\u2019acc\u00e8s), adresse IP, type et version du navigateur utilis\u00e9. En aucun cas, nous ne collectons l\u2019adresse e-mail des visiteurs sans que ces derniers ne nous la communiquent d\u00e9lib\u00e9r\u00e9ment.<\/p>\n<p>Vos donn\u00e9es sont trait\u00e9es de fa\u00e7on \u00e9lectronique et\/ou manuelle, de fa\u00e7on \u00e0 ce que leur s\u00e9curit\u00e9, protection et confidentialit\u00e9 soient assur\u00e9es au regard de leur niveau de sensibilit\u00e9, via des mesures administratives, techniques et physiques pour pr\u00e9venir la perte, le vol, l\u2019utilisation, la divulgation ou encore la modification non-autoris\u00e9es.<\/p>\n<p>B\u00e9r\u00e9nice Harivel\u00a0utilise vos donn\u00e9es personnelles uniquement pour des besoins de communication avec vous.<br \/>Vos donn\u00e9es personnelles ne sont pas conserv\u00e9es dans un fichier (base de donn\u00e9es, fichier Excel ou autre) mais uniquement dans notre logiciel de messagerie permettant les \u00e9changes suite \u00e0 votre de demande de contact. Les mails contenant vos donn\u00e9es personnelles sont conserv\u00e9s au maximum 1 an, en date du dernier mail \u00e9chang\u00e9, puis supprim\u00e9s.<\/p>\n<p>B\u00e9r\u00e9nice Harivel\u00a0 pourra \u00e9galement utiliser vos donn\u00e9es afin de respecter ses obligations l\u00e9gales (incluant les lois anti-fraude, les lois sur le blanchiment d\u2019argent et les dispositions concernant le retard ou l\u2019absence de paiement par l\u2019abonn\u00e9) et\/ou pour r\u00e9pondre aux demandes des autorit\u00e9s publiques et gouvernementales.<\/p>\n<p>Vos donn\u00e9es personnelles sont trait\u00e9es uniquement par\u00a0B\u00e9r\u00e9nice Harivel.<br \/>En aucun cas vos donn\u00e9es ne seront \u00eatre transf\u00e9r\u00e9es \u00e0 des prestataires de services tiers.<\/p>\n<\/div>\n\t\t\t\t\t\t\t\t<\/div>\n\t\t\t\t<\/div>\n\t\t\t\t\t<\/div>\n\t\t<\/div>\n\t\t\t\t\t<\/div>\n\t\t<\/section>\n\t\t\t\t<section class=\"elementor-section elementor-top-section elementor-element elementor-element-649bf78 elementor-section-stretched elementor-section-boxed elementor-section-height-default elementor-section-height-default\" data-id=\"649bf78\" data-element_type=\"section\" data-e-type=\"section\" data-settings=\"{&quot;stretch_section&quot;:&quot;section-stretched&quot;}\">\n\t\t\t\t\t\t<div class=\"elementor-container elementor-column-gap-default\">\n\t\t\t\t\t<div class=\"elementor-column elementor-col-100 elementor-top-column elementor-element elementor-element-c289f13\" data-id=\"c289f13\" data-element_type=\"column\" data-e-type=\"column\" data-settings=\"{&quot;buzzblog_hidepaged&quot;:&quot;false&quot;}\">\n\t\t\t<div class=\"elementor-widget-wrap elementor-element-populated\">\n\t\t\t\t\t\t<div class=\"elementor-element elementor-element-742bba7 elementor-widget-divider--view-line elementor-widget elementor-widget-divider\" data-id=\"742bba7\" data-element_type=\"widget\" data-e-type=\"widget\" data-settings=\"{&quot;buzzblog_hidepaged&quot;:&quot;false&quot;}\" data-widget_type=\"divider.default\">\n\t\t\t\t<div class=\"elementor-widget-container\">\n\t\t\t\t\t\t\t<div class=\"elementor-divider\">\n\t\t\t<span class=\"elementor-divider-separator\">\n\t\t\t\t\t\t<\/span>\n\t\t<\/div>\n\t\t\t\t\t\t<\/div>\n\t\t\t\t<\/div>\n\t\t\t\t\t<\/div>\n\t\t<\/div>\n\t\t\t\t\t<\/div>\n\t\t<\/section>\n\t\t\t\t<section class=\"elementor-section elementor-top-section elementor-element elementor-element-3218576 elementor-section-stretched elementor-section-boxed elementor-section-height-default elementor-section-height-default\" data-id=\"3218576\" data-element_type=\"section\" data-e-type=\"section\" data-settings=\"{&quot;stretch_section&quot;:&quot;section-stretched&quot;}\">\n\t\t\t\t\t\t<div class=\"elementor-container elementor-column-gap-default\">\n\t\t\t\t\t<div class=\"elementor-column elementor-col-100 elementor-top-column elementor-element elementor-element-cb10411\" data-id=\"cb10411\" data-element_type=\"column\" data-e-type=\"column\" data-settings=\"{&quot;buzzblog_hidepaged&quot;:&quot;false&quot;}\">\n\t\t\t<div class=\"elementor-widget-wrap elementor-element-populated\">\n\t\t\t\t\t\t<div class=\"elementor-element elementor-element-d65d075 elementor-widget elementor-widget-heading\" data-id=\"d65d075\" data-element_type=\"widget\" data-e-type=\"widget\" data-settings=\"{&quot;buzzblog_hidepaged&quot;:&quot;false&quot;}\" data-widget_type=\"heading.default\">\n\t\t\t\t<div class=\"elementor-widget-container\">\n\t\t\t\t\t<h2 class=\"elementor-heading-title elementor-size-default\">Gestion des cookies\n<\/h2>\t\t\t\t<\/div>\n\t\t\t\t<\/div>\n\t\t\t\t<div class=\"elementor-element elementor-element-aae40d1 elementor-widget elementor-widget-text-editor\" data-id=\"aae40d1\" data-element_type=\"widget\" data-e-type=\"widget\" data-settings=\"{&quot;buzzblog_hidepaged&quot;:&quot;false&quot;}\" data-widget_type=\"text-editor.default\">\n\t\t\t\t<div class=\"elementor-widget-container\">\n\t\t\t\t\t\t\t\t\t<p><strong>EI B\u00e9r\u00e9nice Harivel<\/strong>\u00a0 vous informe que le site www.berenice-harivel.fr utilise diff\u00e9rents cookies sur le site pour am\u00e9liorer l\u2019interactivit\u00e9 du site et de nos services.<\/p>\n<p>Un \u00ab\u00a0<strong>cookie<\/strong>\u00a0\u00bb est un fichier de taille limit\u00e9e, g\u00e9n\u00e9ralement constitu\u00e9 de lettres et de chiffres, envoy\u00e9 par le serveur internet au fichier cookie du navigateur situ\u00e9 sur le disque dur de votre ordinateur.<br \/>Vous pouvez configurer votre navigateur internet pour refuser l\u2019utilisation de cookies.<br \/>Vous pouvez installer et configurer des extensions dans votre navigateur internet permettant de bloquer les diff\u00e9rents traceurs et les communications avec les r\u00e9seaux sociaux.<br \/>Vous pouvez configurer votre navigateur internet ou installer une extension pour refuser l\u2019utilisation le tra\u00e7age de Adobe Flash.<\/p>\n<p>Pour information l\u2019opposition et la suppression en utilisant les param\u00e8tres de votre navigateur, risquent de d\u00e9grader la consultation du site.<\/p>\n<p>Les donn\u00e9es de trafic et les fichiers de cookies que nous implantons sur votre ordinateur ont uniquement pour finalit\u00e9 de nous permettre d\u2019analyser la fr\u00e9quentation de nos pages d\u2019information afin d\u2019en am\u00e9liorer le contenu. Les donn\u00e9es relatives \u00e0 la navigation des visiteurs ne sont pas exploit\u00e9es nominativement. Il s\u2019agit de statistiques agr\u00e9g\u00e9es permettant de conna\u00eetre les pages les plus et les moins populaires, les chemins pr\u00e9f\u00e9r\u00e9s, les niveaux d\u2019activit\u00e9 par jour de la semaine et par heure de la journ\u00e9e, les principales erreurs clients ou serveur.<\/p>\n<p>Nous vous rappelons que vous disposez, dans votre logiciel de navigation, de la possibilit\u00e9 de bloquer l\u2019implantation de cookies sur votre ordinateur.<\/p>\n<p>\u00a0<\/p>\n<h2><span style=\"font-size: 18pt;\"><strong>\u00c9volution de la politique de confidentialit\u00e9<\/strong><\/span><\/h2>\n<p>La pr\u00e9sente Politique de confidentialit\u00e9 peut \u00eatre amen\u00e9e \u00e0 \u00e9voluer, notamment en raison des \u00e9volutions l\u00e9gislatives et r\u00e9glementaires.<\/p>\n<p>La pr\u00e9sente politique de confidentialit\u00e9 d\u00e9finit et vous informe de la mani\u00e8re dont <strong>B\u00e9r\u00e9nice Harivel<\/strong>\u00a0 utilise et prot\u00e8ge les informations que vous nous transmettez, le cas \u00e9ch\u00e9ant, lorsque vous utilisez le pr\u00e9sent site accessible \u00e0 partir de l\u2019URL suivante : www.berenice-harivel.fr.<\/p>\n<p>Veuillez noter que cette politique de confidentialit\u00e9 est susceptible d\u2019\u00eatre modifi\u00e9e ou compl\u00e9t\u00e9e \u00e0 tout moment par <strong>B\u00e9r\u00e9nice Harivel<\/strong>\u00a0, notamment en vue de se conformer \u00e0 toute \u00e9volution l\u00e9gislative, r\u00e9glementaire, jurisprudentielle ou technologique. Dans un tel cas, la date de sa mise \u00e0 jour sera clairement identifi\u00e9e en t\u00eate de la pr\u00e9sente politique. Ces modifications engagent l\u2019Utilisateur d\u00e8s leur mise en ligne. Il convient par cons\u00e9quent que l\u2019Utilisateur consulte r\u00e9guli\u00e8rement la pr\u00e9sente politique de confidentialit\u00e9 et d\u2019utilisation des cookies afin de prendre connaissance de ses \u00e9ventuelles modifications.<\/p>\t\t\t\t\t\t\t\t<\/div>\n\t\t\t\t<\/div>\n\t\t\t\t\t<\/div>\n\t\t<\/div>\n\t\t\t\t\t<\/div>\n\t\t<\/section>\n\t\t\t\t<\/div>\n\t\t","protected":false},"excerpt":{"rendered":"<p>Politique de confidentialit\u00e9, B\u00e9r\u00e9nice Harivel Informatique et Libert\u00e9s et Collecte des donn\u00e9es personnelles \u2013 RGPD Par&#8230;<\/p>","protected":false},"author":1,"featured_media":0,"parent":0,"menu_order":0,"comment_status":"closed","ping_status":"open","template":"","meta":{"footnotes":""},"categories":[],"tags":[],"class_list":["post-3","page","type-page","status-publish","hentry"],"yoast_head":"<!-- This site is optimized with the Yoast SEO plugin v27.4 - https:\/\/yoast.com\/product\/yoast-seo-wordpress\/ -->\n<title>Politique de confidentialit\u00e9 - B\u00e9r\u00e9nice Harivel<\/title>\n<meta name=\"description\" content=\"Politique de confidentialit\u00e9 de B\u00e9r\u00e9nice Harivel \u00e0 Cherbourg-en Cotentin.\" \/>\n<meta name=\"robots\" content=\"index, follow, max-snippet:-1, max-image-preview:large, max-video-preview:-1\" \/>\n<link rel=\"canonical\" href=\"https:\/\/berenice-harivel.fr\/index.php\/politique-de-confidentialite\/\" \/>\n<meta property=\"og:locale\" content=\"fr_FR\" \/>\n<meta property=\"og:type\" content=\"article\" \/>\n<meta property=\"og:title\" content=\"Politique de confidentialit\u00e9 - B\u00e9r\u00e9nice Harivel\" \/>\n<meta property=\"og:description\" content=\"Politique de confidentialit\u00e9 de B\u00e9r\u00e9nice Harivel \u00e0 Cherbourg-en Cotentin.\" \/>\n<meta property=\"og:url\" content=\"https:\/\/berenice-harivel.fr\/index.php\/politique-de-confidentialite\/\" \/>\n<meta property=\"og:site_name\" content=\"B\u00e9r\u00e9nice Harivel\" \/>\n<meta property=\"article:modified_time\" content=\"2023-10-10T12:14:09+00:00\" \/>\n<meta name=\"twitter:card\" content=\"summary_large_image\" \/>\n<meta name=\"twitter:label1\" content=\"Dur\u00e9e de lecture estim\u00e9e\" \/>\n\t<meta name=\"twitter:data1\" content=\"4 minutes\" \/>\n<script type=\"application\/ld+json\" class=\"yoast-schema-graph\">{\"@context\":\"https:\\\/\\\/schema.org\",\"@graph\":[{\"@type\":\"WebPage\",\"@id\":\"https:\\\/\\\/berenice-harivel.fr\\\/index.php\\\/politique-de-confidentialite\\\/\",\"url\":\"https:\\\/\\\/berenice-harivel.fr\\\/index.php\\\/politique-de-confidentialite\\\/\",\"name\":\"Politique de confidentialit\u00e9 - B\u00e9r\u00e9nice Harivel\",\"isPartOf\":{\"@id\":\"https:\\\/\\\/berenice-harivel.fr\\\/#website\"},\"datePublished\":\"2023-07-10T06:38:28+00:00\",\"dateModified\":\"2023-10-10T12:14:09+00:00\",\"description\":\"Politique de confidentialit\u00e9 de B\u00e9r\u00e9nice Harivel \u00e0 Cherbourg-en Cotentin.\",\"breadcrumb\":{\"@id\":\"https:\\\/\\\/berenice-harivel.fr\\\/index.php\\\/politique-de-confidentialite\\\/#breadcrumb\"},\"inLanguage\":\"fr-FR\",\"potentialAction\":[{\"@type\":\"ReadAction\",\"target\":[\"https:\\\/\\\/berenice-harivel.fr\\\/index.php\\\/politique-de-confidentialite\\\/\"]}]},{\"@type\":\"BreadcrumbList\",\"@id\":\"https:\\\/\\\/berenice-harivel.fr\\\/index.php\\\/politique-de-confidentialite\\\/#breadcrumb\",\"itemListElement\":[{\"@type\":\"ListItem\",\"position\":1,\"name\":\"Accueil\",\"item\":\"https:\\\/\\\/berenice-harivel.fr\\\/\"},{\"@type\":\"ListItem\",\"position\":2,\"name\":\"Politique de confidentialit\u00e9\"}]},{\"@type\":\"WebSite\",\"@id\":\"https:\\\/\\\/berenice-harivel.fr\\\/#website\",\"url\":\"https:\\\/\\\/berenice-harivel.fr\\\/\",\"name\":\"B\u00e9r\u00e9nice Harivel\",\"description\":\"\u00c9ducatrice sp\u00e9cialis\u00e9e ind\u00e9pendante\",\"publisher\":{\"@id\":\"https:\\\/\\\/berenice-harivel.fr\\\/#organization\"},\"potentialAction\":[{\"@type\":\"SearchAction\",\"target\":{\"@type\":\"EntryPoint\",\"urlTemplate\":\"https:\\\/\\\/berenice-harivel.fr\\\/?s={search_term_string}\"},\"query-input\":{\"@type\":\"PropertyValueSpecification\",\"valueRequired\":true,\"valueName\":\"search_term_string\"}}],\"inLanguage\":\"fr-FR\"},{\"@type\":\"Organization\",\"@id\":\"https:\\\/\\\/berenice-harivel.fr\\\/#organization\",\"name\":\"B\u00e9r\u00e9nice Harivel\",\"url\":\"https:\\\/\\\/berenice-harivel.fr\\\/\",\"logo\":{\"@type\":\"ImageObject\",\"inLanguage\":\"fr-FR\",\"@id\":\"https:\\\/\\\/berenice-harivel.fr\\\/#\\\/schema\\\/logo\\\/image\\\/\",\"url\":\"\",\"contentUrl\":\"\",\"caption\":\"B\u00e9r\u00e9nice Harivel\"},\"image\":{\"@id\":\"https:\\\/\\\/berenice-harivel.fr\\\/#\\\/schema\\\/logo\\\/image\\\/\"}}]}<\/script>\n<!-- \/ Yoast SEO plugin. -->","yoast_head_json":{"title":"Politique de confidentialit\u00e9 - B\u00e9r\u00e9nice Harivel","description":"Politique de confidentialit\u00e9 de B\u00e9r\u00e9nice Harivel \u00e0 Cherbourg-en Cotentin.","robots":{"index":"index","follow":"follow","max-snippet":"max-snippet:-1","max-image-preview":"max-image-preview:large","max-video-preview":"max-video-preview:-1"},"canonical":"https:\/\/berenice-harivel.fr\/index.php\/politique-de-confidentialite\/","og_locale":"fr_FR","og_type":"article","og_title":"Politique de confidentialit\u00e9 - B\u00e9r\u00e9nice Harivel","og_description":"Politique de confidentialit\u00e9 de B\u00e9r\u00e9nice Harivel \u00e0 Cherbourg-en Cotentin.","og_url":"https:\/\/berenice-harivel.fr\/index.php\/politique-de-confidentialite\/","og_site_name":"B\u00e9r\u00e9nice Harivel","article_modified_time":"2023-10-10T12:14:09+00:00","twitter_card":"summary_large_image","twitter_misc":{"Dur\u00e9e de lecture estim\u00e9e":"4 minutes"},"schema":{"@context":"https:\/\/schema.org","@graph":[{"@type":"WebPage","@id":"https:\/\/berenice-harivel.fr\/index.php\/politique-de-confidentialite\/","url":"https:\/\/berenice-harivel.fr\/index.php\/politique-de-confidentialite\/","name":"Politique de confidentialit\u00e9 - B\u00e9r\u00e9nice Harivel","isPartOf":{"@id":"https:\/\/berenice-harivel.fr\/#website"},"datePublished":"2023-07-10T06:38:28+00:00","dateModified":"2023-10-10T12:14:09+00:00","description":"Politique de confidentialit\u00e9 de B\u00e9r\u00e9nice Harivel \u00e0 Cherbourg-en Cotentin.","breadcrumb":{"@id":"https:\/\/berenice-harivel.fr\/index.php\/politique-de-confidentialite\/#breadcrumb"},"inLanguage":"fr-FR","potentialAction":[{"@type":"ReadAction","target":["https:\/\/berenice-harivel.fr\/index.php\/politique-de-confidentialite\/"]}]},{"@type":"BreadcrumbList","@id":"https:\/\/berenice-harivel.fr\/index.php\/politique-de-confidentialite\/#breadcrumb","itemListElement":[{"@type":"ListItem","position":1,"name":"Accueil","item":"https:\/\/berenice-harivel.fr\/"},{"@type":"ListItem","position":2,"name":"Politique de confidentialit\u00e9"}]},{"@type":"WebSite","@id":"https:\/\/berenice-harivel.fr\/#website","url":"https:\/\/berenice-harivel.fr\/","name":"B\u00e9r\u00e9nice Harivel","description":"\u00c9ducatrice sp\u00e9cialis\u00e9e ind\u00e9pendante","publisher":{"@id":"https:\/\/berenice-harivel.fr\/#organization"},"potentialAction":[{"@type":"SearchAction","target":{"@type":"EntryPoint","urlTemplate":"https:\/\/berenice-harivel.fr\/?s={search_term_string}"},"query-input":{"@type":"PropertyValueSpecification","valueRequired":true,"valueName":"search_term_string"}}],"inLanguage":"fr-FR"},{"@type":"Organization","@id":"https:\/\/berenice-harivel.fr\/#organization","name":"B\u00e9r\u00e9nice Harivel","url":"https:\/\/berenice-harivel.fr\/","logo":{"@type":"ImageObject","inLanguage":"fr-FR","@id":"https:\/\/berenice-harivel.fr\/#\/schema\/logo\/image\/","url":"","contentUrl":"","caption":"B\u00e9r\u00e9nice Harivel"},"image":{"@id":"https:\/\/berenice-harivel.fr\/#\/schema\/logo\/image\/"}}]}},"_links":{"self":[{"href":"https:\/\/berenice-harivel.fr\/index.php\/wp-json\/wp\/v2\/pages\/3","targetHints":{"allow":["GET"]}}],"collection":[{"href":"https:\/\/berenice-harivel.fr\/index.php\/wp-json\/wp\/v2\/pages"}],"about":[{"href":"https:\/\/berenice-harivel.fr\/index.php\/wp-json\/wp\/v2\/types\/page"}],"author":[{"embeddable":true,"href":"https:\/\/berenice-harivel.fr\/index.php\/wp-json\/wp\/v2\/users\/1"}],"replies":[{"embeddable":true,"href":"https:\/\/berenice-harivel.fr\/index.php\/wp-json\/wp\/v2\/comments?post=3"}],"version-history":[{"count":5,"href":"https:\/\/berenice-harivel.fr\/index.php\/wp-json\/wp\/v2\/pages\/3\/revisions"}],"predecessor-version":[{"id":9905,"href":"https:\/\/berenice-harivel.fr\/index.php\/wp-json\/wp\/v2\/pages\/3\/revisions\/9905"}],"wp:attachment":[{"href":"https:\/\/berenice-harivel.fr\/index.php\/wp-json\/wp\/v2\/media?parent=3"}],"wp:term":[{"taxonomy":"category","embeddable":true,"href":"https:\/\/berenice-harivel.fr\/index.php\/wp-json\/wp\/v2\/categories?post=3"},{"taxonomy":"post_tag","embeddable":true,"href":"https:\/\/berenice-harivel.fr\/index.php\/wp-json\/wp\/v2\/tags?post=3"}],"curies":[{"name":"wp","href":"https:\/\/api.w.org\/{rel}","templated":true}]}}